common divisor of 169557604 and 446.
446
What is the highest common factor of 10290 and 45505810?
3430
Calculate the greatest common divisor of 594 and 59141016.
594
What is the greatest common factor of 1799144 and 51?
17
Calculate the highest common factor of 105957716 and 1532.
1532
What is the greatest common factor of 4195 and 81865?
5
What is the highest common divisor of 306 and 1213128?
18
Calculate the greatest common divisor of 56932 and 3572152.
1324
What is the highest common factor of 7313115 and 458?
229
Calculate the greatest common divisor of 450 and 120789810.
90
What is the highest common divisor of 2660574 and 4578?
42
Calculate the highest common factor of 188 and 6319996.
188
What is the greatest common divisor of 16 and 9294424?
8
Calculate the greatest common divisor of 30232475 and 247835.
3395
What is the highest common factor of 4525 and 3951550?
25
What is the highest common factor of 1920436 and 374500?
2996
Calculate the highest common factor of 4145 and 287372021.
829
Calculate the highest common factor of 329 and 5687564.
47
What is the highest common divisor of 93598 and 38143834?
1766
What is the greatest common factor of 9909 and 791299710?
3303
What is the greatest common divisor of 7702452 and 7452?
324
Calculate the greatest common factor of 49520295 and 2970.
1485
Calculate the highest common factor of 14174 and 13718.
38
What is the greatest common divisor of 148132979 and 10191?
3397
What is the greatest common divisor of 1074147595 and 1185?
395
What is the greatest common divisor of 6 and 3205738?
2
Calculate the highest common divisor of 31248 and 5356304.
496
Calculate the greatest common factor of 3514532 and 3038.
434
What is the greatest common factor of 481200 and 5900?
100
What is the greatest common factor of 8393 and 2819285?
763
What is the highest common divisor of 123542000 and 3345?
1115
Calculate the highest common factor of 226662940 and 560.
140
Calculate the greatest common factor of 1771372 and 160.
4
Calculate the greatest common factor of 434 and 80464654.
62
Calculate the greatest common factor of 186 and 3889911.
93
What is the greatest common factor of 54 and 682149672?
18
What is the highest common factor of 255590530 and 2?
2
Calculate the greatest common divisor of 1103160 and 58116.
348
What is the greatest common divisor of 215367798 and 41706?
1986
Calculate the greatest common factor of 5608 and 26124868.
2804
What is the highest common divisor of 3762 and 102548358?
3762
Calculate the greatest common divisor of 18894 and 7770258.
402
Calculate the highest common factor of 129520 and 642743.
1619
Calculate the greatest common divisor of 10311374 and 3152.
394
Calculate the highest common factor of 392691 and 91.
13
Calculate the highest common divisor of 5270 and 481430.
310
Calculate the highest common divisor of 32 and 18998032.
16
What is the greatest common factor of 7642580 and 170?
10
Calculate the greatest common factor of 1665492 and 1236.
12
Calculate the highest common divisor of 1134 and 830558.
2
What is the greatest common divisor of 176008 and 298704?
392
What is the greatest common factor of 32512 and 3856?
16
What is the greatest common divisor of 19555 and 16105?
5
What is the greatest common divisor of 1938051 and 3570?
51
What is the highest common factor of 38494410 and 552?
138
Calculate the highest common factor of 66528 and 512673.
21
Calculate the highest common factor of 319269 and 84101634.
10299
What is the greatest common divisor of 34 and 892702?
2
Calculate the greatest common factor of 185847944 and 2176.
136
What is the greatest common divisor of 207929498 and 6748?
3374
Calculate the greatest common factor of 2240835452 and 2987.
2987
Calculate the greatest common divisor of 405 and 720410.
5
What is the greatest common factor of 7788 and 691716?
708
Calculate the highest common divisor of 2111460 and 3159.
39
Calculate the highest common factor of 435 and 374971305.
435
Calculate the greatest common factor of 78 and 18596136.
78
Calculate the highest common divisor of 2669200 and 20650.
50
What is the greatest common factor of 408 and 2323628?
68
Calculate the greatest common divisor of 1820836 and 13838.
34
What is the greatest common factor of 400411528 and 3784?
3784
Calculate the greatest common divisor of 999767 and 24047.
173
Calculate the highest common divisor of 65065842 and 6156.
3078
What is the highest common divisor of 1175493926 and 3398?
3398
Calculate the greatest common divisor of 939192649 and 191.
191
What is the greatest common divisor of 1 and 316536377?
1
What is the highest common divisor of 10334185 and 2206054?
10709
What is the greatest common factor of 297 and 1249919?
11
Calculate the highest common divisor of 1584 and 1204567848.
792
What is the greatest common factor of 42294 and 216258?
798
What is the greatest common divisor of 13193082 and 567?
63
What is the highest common divisor of 286 and 53769287?
143
Calculate the highest common divisor of 64061 and 20747586.
1363
What is the highest common factor of 397 and 253286?
397
What is the highest common divisor of 147895 and 48730?
55
What is the highest common factor of 51700165 and 95?
5
What is the highest common factor of 47417553 and 27?
9
Calculate the greatest common divisor of 64637573 and 248.
31
What is the highest common factor of 645 and 250335?
15
Calculate the greatest common factor of 1183 and 130722683.
1183
What is the highest common factor of 192 and 36004272?
48
Calculate the highest common factor of 2292285 and 36.
3
Calculate the greatest common divisor of 42656651 and 713.
713
Calculate the highest common factor of 16485 and 4516785.
105
What is the highest common divisor of 18039 and 5061?
21
Calculate the highest common divisor of 51857090 and 10.
10
Calculate the greatest common factor of 843988 and 3797432.
1028
What is the highest common factor of 5463222 and 255?
51
Calculate the greatest common divisor of 3020 and 2322682.
302
What is the greatest common divisor of 1152 and 16377408?
576
Calculate the greatest common factor of 12111505 and 35.
35
Calculate the greatest common factor of 3794447 and 4031.
29
What is the highest common divisor of 11872186 and 184?
46
What is the highest common factor of 757450 and 97450?
50
Calculate the greatest common divisor of 52716 and 4491556.
764
What is the greatest common divisor of 2627 and 185259?
37
What is the highest common divisor of 31692878 and 434?
14
What is the greatest common factor of 234 and 513214?
26
What is the greatest common factor of 270 and 7949880?
270
Calculate the highest common factor of 47720 and 173080.
40
What is the greatest common divisor of 9408065 and 2255?
205
What is the highest common divisor of 840642 and 330?
66
What is the greatest common divisor of 33646554 and 5996?
2998
What is the greatest common factor of 352 and 378521176?
88
What is the highest common divisor of 490352 and 912?
304
What is the greatest common factor of 18105 and 842353230?
18105
What is the greatest common factor of 2867335 and 410?
205
Calculate the highest common factor of 300 and 731889200.
100
What is the highest common divisor of 239491105 and 4731?
1577
Calculate the highest common divisor of 4687410 and 20839.
91
Calculate the greatest common factor of 4110 and 365580.
30
What is the greatest common divisor of 8579 and 19343?
23
What is the greatest common divisor of 410427 and 3675264?
1689
Calculate the highest common factor of 50316231 and 63.
21
Calculate the greatest common divisor of 81196 and 27959.
383
What is the greatest common factor of 342409 and 74519?
43
Calculate the highest common factor of 247 and 1940731.
13
Calculate the highest common divisor of 7499634 and 18.
6
Calculate the highest common factor of 460455 and 85.
5
Calculate the highest common factor of 1504343 and 13636.
487
Calculate the greatest common divisor of 8 and 2003572.
4
Calculate the greatest common divisor of 752 and 1318820.
188
What is the highest common factor of 6865 and 146547155?
6865
Calculate the greatest common divisor of 139679 and 4202516.
6073
What is the greatest common factor of 177660 and 16282868?
1316
What is the greatest common factor of 400619870 and 10?
10
Calcu